{"id":315,"date":"2020-08-30T20:46:35","date_gmt":"2020-08-30T18:46:35","guid":{"rendered":"http:\/\/biosphere85.com\/?page_id=315"},"modified":"2023-02-17T16:26:56","modified_gmt":"2023-02-17T15:26:56","slug":"amenagements-devenements","status":"publish","type":"page","link":"https:\/\/biosphere85.com\/index.php\/amenagements-devenements\/","title":{"rendered":"D\u00e9corations d\u2019\u00e9v\u00e9nements"},"content":{"rendered":"\n<h3 class=\"has-brown-color has-text-color wp-block-heading\"><em>Am\u00e9nagements de stands<\/em><\/h3>\n\n\n\n<div class=\"wp-block-group\"><div class=\"wp-block-group__inner-container is-layout-flow wp-block-group-is-layout-flow\">\n<figure class=\"wp-block-gallery columns-2 is-cropped wp-block-gallery-1 is-layout-flex wp-block-gallery-is-layout-flex\"><ul class=\"blocks-gallery-grid\"><li class=\"blocks-gallery-item\"><figure><img loading=\"lazy\" decoding=\"async\" width=\"1024\" height=\"768\" src=\"http:\/\/biosphere85.com\/wp-content\/uploads\/2020\/06\/deco-stand5-1024x768.jpg\" alt=\"\" data-id=\"152\" data-link=\"http:\/\/biosphere85.com\/deco-stand5\/\" class=\"wp-image-152\" srcset=\"https:\/\/biosphere85.com\/wp-content\/uploads\/2020\/06\/deco-stand5-1024x768.jpg 1024w, https:\/\/biosphere85.com\/wp-content\/uploads\/2020\/06\/deco-stand5-300x225.jpg 300w, https:\/\/biosphere85.com\/wp-content\/uploads\/2020\/06\/deco-stand5-768x576.jpg 768w, https:\/\/biosphere85.com\/wp-content\/uploads\/2020\/06\/deco-stand5-1536x1152.jpg 1536w, https:\/\/biosphere85.com\/wp-content\/uploads\/2020\/06\/deco-stand5-940x705.jpg 940w, https:\/\/biosphere85.com\/wp-content\/uploads\/2020\/06\/deco-stand5-500x375.jpg 500w, https:\/\/biosphere85.com\/wp-content\/uploads\/2020\/06\/deco-stand5.jpg 2048w\" sizes=\"(max-width: 1024px) 100vw, 1024px\" \/><figcaption class=\"blocks-gallery-item__caption\">Stand \u00ab\u00a0zen\u00a0\u00bb<\/figcaption><\/figure><\/li><li class=\"blocks-gallery-item\"><figure><img loading=\"lazy\" decoding=\"async\" width=\"720\" height=\"540\" src=\"http:\/\/biosphere85.com\/wp-content\/uploads\/2020\/06\/deco-stand4.jpg\" alt=\"\" data-id=\"151\" data-link=\"http:\/\/biosphere85.com\/deco-stand4\/\" class=\"wp-image-151\" srcset=\"https:\/\/biosphere85.com\/wp-content\/uploads\/2020\/06\/deco-stand4.jpg 720w, https:\/\/biosphere85.com\/wp-content\/uploads\/2020\/06\/deco-stand4-300x225.jpg 300w, https:\/\/biosphere85.com\/wp-content\/uploads\/2020\/06\/deco-stand4-500x375.jpg 500w\" sizes=\"(max-width: 720px) 100vw, 720px\" \/><figcaption class=\"blocks-gallery-item__caption\">Stand \u00ab\u00a0nature et vintage \u00ab\u00a0<\/figcaption><\/figure><\/li><li class=\"blocks-gallery-item\"><figure><img loading=\"lazy\" decoding=\"async\" width=\"720\" height=\"540\" src=\"http:\/\/biosphere85.com\/wp-content\/uploads\/2020\/06\/deco-stand10.jpg\" alt=\"\" data-id=\"157\" data-link=\"http:\/\/biosphere85.com\/deco-stand10\/\" class=\"wp-image-157\" srcset=\"https:\/\/biosphere85.com\/wp-content\/uploads\/2020\/06\/deco-stand10.jpg 720w, https:\/\/biosphere85.com\/wp-content\/uploads\/2020\/06\/deco-stand10-300x225.jpg 300w, https:\/\/biosphere85.com\/wp-content\/uploads\/2020\/06\/deco-stand10-500x375.jpg 500w\" sizes=\"(max-width: 720px) 100vw, 720px\" \/><figcaption class=\"blocks-gallery-item__caption\">Stand de march\u00e9 de No\u00ebl<\/figcaption><\/figure><\/li><li class=\"blocks-gallery-item\"><figure><img loading=\"lazy\" decoding=\"async\" width=\"837\" height=\"547\" src=\"http:\/\/biosphere85.com\/wp-content\/uploads\/2020\/09\/STAND-ROGN2.png\" alt=\"\" data-id=\"417\" data-full-url=\"http:\/\/biosphere85.com\/wp-content\/uploads\/2020\/09\/STAND-ROGN2.png\" data-link=\"http:\/\/biosphere85.com\/index.php\/amenagements-devenements\/stand-rogn2\/\" class=\"wp-image-417\" srcset=\"https:\/\/biosphere85.com\/wp-content\/uploads\/2020\/09\/STAND-ROGN2.png 837w, https:\/\/biosphere85.com\/wp-content\/uploads\/2020\/09\/STAND-ROGN2-300x196.png 300w, https:\/\/biosphere85.com\/wp-content\/uploads\/2020\/09\/STAND-ROGN2-768x502.png 768w, https:\/\/biosphere85.com\/wp-content\/uploads\/2020\/09\/STAND-ROGN2-500x327.png 500w\" sizes=\"(max-width: 837px) 100vw, 837px\" \/><figcaption class=\"blocks-gallery-item__caption\">Stand moderne<\/figcaption><\/figure><\/li><\/ul><\/figure>\n<\/div><\/div>\n\n\n\n<p><\/p>\n\n\n\n<p><\/p>\n\n\n\n<h3 class=\"has-brown-color has-text-color wp-block-heading\"><em>Am\u00e9nagements de restaurants ou boutiques<\/em><\/h3>\n\n\n\n<figure class=\"wp-block-gallery columns-3 is-cropped wp-block-gallery-2 is-layout-flex wp-block-gallery-is-layout-flex\"><ul class=\"blocks-gallery-grid\"><li class=\"blocks-gallery-item\"><figure><img loading=\"lazy\" decoding=\"async\" width=\"1024\" height=\"813\" src=\"http:\/\/biosphere85.com\/wp-content\/uploads\/2020\/09\/osmose-2-1-1024x813.jpg\" alt=\"\" data-id=\"420\" data-link=\"http:\/\/biosphere85.com\/index.php\/amenagements-devenements\/osmose-2-1\/\" class=\"wp-image-420\" srcset=\"https:\/\/biosphere85.com\/wp-content\/uploads\/2020\/09\/osmose-2-1-1024x813.jpg 1024w, https:\/\/biosphere85.com\/wp-content\/uploads\/2020\/09\/osmose-2-1-300x238.jpg 300w, https:\/\/biosphere85.com\/wp-content\/uploads\/2020\/09\/osmose-2-1-768x610.jpg 768w, https:\/\/biosphere85.com\/wp-content\/uploads\/2020\/09\/osmose-2-1-940x746.jpg 940w, https:\/\/biosphere85.com\/wp-content\/uploads\/2020\/09\/osmose-2-1-500x397.jpg 500w, https:\/\/biosphere85.com\/wp-content\/uploads\/2020\/09\/osmose-2-1.jpg 1042w\" sizes=\"(max-width: 1024px) 100vw, 1024px\" \/><figcaption class=\"blocks-gallery-item__caption\">D\u00e9coration du restaurant <a href=\"https:\/\/www.facebook.com\/losmoserestaurant\/\">l&rsquo;Osmose<\/a><\/figcaption><\/figure><\/li><li class=\"blocks-gallery-item\"><figure><img loading=\"lazy\" decoding=\"async\" width=\"541\" height=\"960\" src=\"http:\/\/biosphere85.com\/wp-content\/uploads\/2020\/06\/composition3.jpg\" alt=\"\" data-id=\"133\" data-link=\"http:\/\/biosphere85.com\/composition3\/\" class=\"wp-image-133\" srcset=\"https:\/\/biosphere85.com\/wp-content\/uploads\/2020\/06\/composition3.jpg 541w, https:\/\/biosphere85.com\/wp-content\/uploads\/2020\/06\/composition3-169x300.jpg 169w, https:\/\/biosphere85.com\/wp-content\/uploads\/2020\/06\/composition3-500x887.jpg 500w\" sizes=\"(max-width: 541px) 100vw, 541px\" \/><figcaption class=\"blocks-gallery-item__caption\">Composition pour<a href=\"https:\/\/www.facebook.com\/bigaudphone\/\"> BigaudPhone<\/a><\/figcaption><\/figure><\/li><li class=\"blocks-gallery-item\"><figure><img loading=\"lazy\" decoding=\"async\" width=\"768\" height=\"1024\" src=\"http:\/\/biosphere85.com\/wp-content\/uploads\/2020\/06\/composition2-768x1024.jpg\" alt=\"\" data-id=\"132\" data-link=\"http:\/\/biosphere85.com\/composition2\/\" class=\"wp-image-132\" srcset=\"https:\/\/biosphere85.com\/wp-content\/uploads\/2020\/06\/composition2-768x1024.jpg 768w, https:\/\/biosphere85.com\/wp-content\/uploads\/2020\/06\/composition2-225x300.jpg 225w, https:\/\/biosphere85.com\/wp-content\/uploads\/2020\/06\/composition2-1152x1536.jpg 1152w, https:\/\/biosphere85.com\/wp-content\/uploads\/2020\/06\/composition2-940x1253.jpg 940w, https:\/\/biosphere85.com\/wp-content\/uploads\/2020\/06\/composition2-500x667.jpg 500w, https:\/\/biosphere85.com\/wp-content\/uploads\/2020\/06\/composition2.jpg 1536w\" sizes=\"(max-width: 768px) 100vw, 768px\" \/><figcaption class=\"blocks-gallery-item__caption\">Composition pour le restaurant <a href=\"https:\/\/www.facebook.com\/restochacunsapart\/\">Chacun sa part<\/a><\/figcaption><\/figure><\/li><li class=\"blocks-gallery-item\"><figure><img loading=\"lazy\" decoding=\"async\" width=\"960\" height=\"720\" src=\"http:\/\/biosphere85.com\/wp-content\/uploads\/2020\/12\/la-cave-aux-vins.jpg\" alt=\"\" data-id=\"530\" data-link=\"http:\/\/biosphere85.com\/index.php\/amenagements-devenements\/la-cave-aux-vins\/\" class=\"wp-image-530\" srcset=\"https:\/\/biosphere85.com\/wp-content\/uploads\/2020\/12\/la-cave-aux-vins.jpg 960w, https:\/\/biosphere85.com\/wp-content\/uploads\/2020\/12\/la-cave-aux-vins-300x225.jpg 300w, https:\/\/biosphere85.com\/wp-content\/uploads\/2020\/12\/la-cave-aux-vins-768x576.jpg 768w, https:\/\/biosphere85.com\/wp-content\/uploads\/2020\/12\/la-cave-aux-vins-940x705.jpg 940w, https:\/\/biosphere85.com\/wp-content\/uploads\/2020\/12\/la-cave-aux-vins-500x375.jpg 500w\" sizes=\"(max-width: 960px) 100vw, 960px\" \/><figcaption class=\"blocks-gallery-item__caption\">le<a href=\"https:\/\/www.facebook.com\/marcheauxvins\"> March\u00e9 aux vins<\/a><\/figcaption><\/figure><\/li><li class=\"blocks-gallery-item\"><figure><img loading=\"lazy\" decoding=\"async\" width=\"1024\" height=\"768\" src=\"http:\/\/biosphere85.com\/wp-content\/uploads\/2023\/02\/IMG_1926-1-1024x768.jpg\" alt=\"\" data-id=\"919\" data-full-url=\"http:\/\/biosphere85.com\/wp-content\/uploads\/2023\/02\/IMG_1926-1-scaled.jpg\" data-link=\"http:\/\/biosphere85.com\/index.php\/amenagements-devenements\/img_1926-1\/\" class=\"wp-image-919\" srcset=\"https:\/\/biosphere85.com\/wp-content\/uploads\/2023\/02\/IMG_1926-1-1024x768.jpg 1024w, https:\/\/biosphere85.com\/wp-content\/uploads\/2023\/02\/IMG_1926-1-300x225.jpg 300w, https:\/\/biosphere85.com\/wp-content\/uploads\/2023\/02\/IMG_1926-1-768x576.jpg 768w, https:\/\/biosphere85.com\/wp-content\/uploads\/2023\/02\/IMG_1926-1-1536x1152.jpg 1536w, https:\/\/biosphere85.com\/wp-content\/uploads\/2023\/02\/IMG_1926-1-2048x1536.jpg 2048w, https:\/\/biosphere85.com\/wp-content\/uploads\/2023\/02\/IMG_1926-1-940x705.jpg 940w, https:\/\/biosphere85.com\/wp-content\/uploads\/2023\/02\/IMG_1926-1-500x375.jpg 500w\" sizes=\"(max-width: 1024px) 100vw, 1024px\" \/><figcaption class=\"blocks-gallery-item__caption\"><a href=\"https:\/\/restaurants.3brasseurs.com\/fr\/3-brasseurs-la-roche-sur-yon\">Les 3 Brasseurs<\/a> <\/figcaption><\/figure><\/li><\/ul><\/figure>\n\n\n\n<p><\/p>\n\n\n\n<p><\/p>\n\n\n\n<h3 class=\"has-brown-color has-text-color wp-block-heading\"><em>Am\u00e9nagements de coins photos pour mariage<\/em><\/h3>\n\n\n\n<figure class=\"wp-block-gallery columns-2 is-cropped wp-block-gallery-3 is-layout-flex wp-block-gallery-is-layout-flex\"><ul class=\"blocks-gallery-grid\"><li class=\"blocks-gallery-item\"><figure><img loading=\"lazy\" decoding=\"async\" width=\"684\" height=\"1024\" src=\"http:\/\/biosphere85.com\/wp-content\/uploads\/2020\/09\/mariage-poiriere-684x1024.jpg\" alt=\"\" data-id=\"349\" data-link=\"http:\/\/biosphere85.com\/index.php\/amenagements-devenements\/mariage-poiriere\/\" class=\"wp-image-349\" srcset=\"https:\/\/biosphere85.com\/wp-content\/uploads\/2020\/09\/mariage-poiriere-684x1024.jpg 684w, https:\/\/biosphere85.com\/wp-content\/uploads\/2020\/09\/mariage-poiriere-200x300.jpg 200w, https:\/\/biosphere85.com\/wp-content\/uploads\/2020\/09\/mariage-poiriere-768x1151.jpg 768w, https:\/\/biosphere85.com\/wp-content\/uploads\/2020\/09\/mariage-poiriere-940x1408.jpg 940w, https:\/\/biosphere85.com\/wp-content\/uploads\/2020\/09\/mariage-poiriere-500x749.jpg 500w, https:\/\/biosphere85.com\/wp-content\/uploads\/2020\/09\/mariage-poiriere.jpg 1024w\" sizes=\"(max-width: 684px) 100vw, 684px\" \/><figcaption class=\"blocks-gallery-item__caption\">Am\u00e9nagement d&rsquo;un <a href=\"https:\/\/www.facebook.com\/domainelapoiriere\">espace photos<\/a><\/figcaption><\/figure><\/li><li class=\"blocks-gallery-item\"><figure><img loading=\"lazy\" decoding=\"async\" width=\"1024\" height=\"684\" src=\"http:\/\/biosphere85.com\/wp-content\/uploads\/2020\/09\/mriage-julien-v-1024x684.jpg\" alt=\"\" data-id=\"351\" data-full-url=\"http:\/\/biosphere85.com\/wp-content\/uploads\/2020\/09\/mriage-julien-v-scaled.jpg\" data-link=\"http:\/\/biosphere85.com\/index.php\/amenagements-devenements\/mriage-julien-v\/\" class=\"wp-image-351\" srcset=\"https:\/\/biosphere85.com\/wp-content\/uploads\/2020\/09\/mriage-julien-v-1024x684.jpg 1024w, https:\/\/biosphere85.com\/wp-content\/uploads\/2020\/09\/mriage-julien-v-300x200.jpg 300w, https:\/\/biosphere85.com\/wp-content\/uploads\/2020\/09\/mriage-julien-v-768x513.jpg 768w, https:\/\/biosphere85.com\/wp-content\/uploads\/2020\/09\/mriage-julien-v-1536x1025.jpg 1536w, https:\/\/biosphere85.com\/wp-content\/uploads\/2020\/09\/mriage-julien-v-2048x1367.jpg 2048w, https:\/\/biosphere85.com\/wp-content\/uploads\/2020\/09\/mriage-julien-v-940x628.jpg 940w, https:\/\/biosphere85.com\/wp-content\/uploads\/2020\/09\/mriage-julien-v-500x334.jpg 500w\" sizes=\"(max-width: 1024px) 100vw, 1024px\" \/><figcaption class=\"blocks-gallery-item__caption\">D\u00e9coration en partenariat avec <a href=\"https:\/\/www.foodyas.com\/FR\/Venansault\/100457704928077\/My-Food-Truck\">My Food Truck<\/a> de<a href=\"https:\/\/www.facebook.com\/centdeux.gab\"> Julien Vrignaud<\/a><\/figcaption><\/figure><\/li><\/ul><\/figure>\n\n\n\n<p><\/p>\n\n\n\n<h3 class=\"has-brown-color has-text-color wp-block-heading\"><em>D\u00e9corations de vitrines <\/em><\/h3>\n\n\n\n<figure class=\"wp-block-gallery columns-2 is-cropped wp-block-gallery-4 is-layout-flex wp-block-gallery-is-layout-flex\"><ul class=\"blocks-gallery-grid\"><li class=\"blocks-gallery-item\"><figure><img loading=\"lazy\" decoding=\"async\" width=\"720\" height=\"960\" src=\"http:\/\/biosphere85.com\/wp-content\/uploads\/2020\/12\/deco-vendee-or-2.jpg\" alt=\"\" data-id=\"532\" data-link=\"http:\/\/biosphere85.com\/index.php\/amenagements-devenements\/deco-vendee-or-2-2\/\" class=\"wp-image-532\" srcset=\"https:\/\/biosphere85.com\/wp-content\/uploads\/2020\/12\/deco-vendee-or-2.jpg 720w, https:\/\/biosphere85.com\/wp-content\/uploads\/2020\/12\/deco-vendee-or-2-225x300.jpg 225w, https:\/\/biosphere85.com\/wp-content\/uploads\/2020\/12\/deco-vendee-or-2-500x667.jpg 500w\" sizes=\"(max-width: 720px) 100vw, 720px\" \/><figcaption class=\"blocks-gallery-item__caption\">th\u00e8me No\u00ebl , sobre et l\u00e9ger comme le souhaitait <a href=\"https:\/\/www.facebook.com\/vendee.or\">Vend\u00e9e or<\/a><\/figcaption><\/figure><\/li><li class=\"blocks-gallery-item\"><figure><img loading=\"lazy\" decoding=\"async\" width=\"720\" height=\"960\" src=\"http:\/\/biosphere85.com\/wp-content\/uploads\/2020\/12\/deco-vendee-or-1-1.jpg\" alt=\"\" data-id=\"533\" data-full-url=\"http:\/\/biosphere85.com\/wp-content\/uploads\/2020\/12\/deco-vendee-or-1-1.jpg\" data-link=\"http:\/\/biosphere85.com\/index.php\/amenagements-devenements\/deco-vendee-or-1-1-2\/\" class=\"wp-image-533\" srcset=\"https:\/\/biosphere85.com\/wp-content\/uploads\/2020\/12\/deco-vendee-or-1-1.jpg 720w, https:\/\/biosphere85.com\/wp-content\/uploads\/2020\/12\/deco-vendee-or-1-1-225x300.jpg 225w, https:\/\/biosphere85.com\/wp-content\/uploads\/2020\/12\/deco-vendee-or-1-1-500x667.jpg 500w\" sizes=\"(max-width: 720px) 100vw, 720px\" \/><figcaption class=\"blocks-gallery-item__caption\"><a href=\"https:\/\/www.facebook.com\/vendee.or\">Vend\u00e9e or<\/a><\/figcaption><\/figure><\/li><\/ul><\/figure>\n","protected":false},"excerpt":{"rendered":"<p>Am\u00e9nagements de stands Am\u00e9nagements de restaurants ou boutiques Am\u00e9nagements de coins photos pour mariage D\u00e9corations de vitrines<\/p>\n","protected":false},"author":1,"featured_media":0,"parent":0,"menu_order":0,"comment_status":"closed","ping_status":"closed","template":"","meta":{"footnotes":""},"class_list":["post-315","page","type-page","status-publish","hentry"],"yoast_head":"<!-- This site is optimized with the Yoast SEO plugin v23.4 - https:\/\/yoast.com\/wordpress\/plugins\/seo\/ -->\n<title>D\u00e9corations d\u2019\u00e9v\u00e9nements - Biosph\u00e8re85<\/title>\n<meta name=\"robots\" content=\"index, follow, max-snippet:-1, max-image-preview:large, max-video-preview:-1\" \/>\n<link rel=\"canonical\" href=\"https:\/\/biosphere85.com\/index.php\/amenagements-devenements\/\" \/>\n<meta property=\"og:locale\" content=\"fr_FR\" \/>\n<meta property=\"og:type\" content=\"article\" \/>\n<meta property=\"og:title\" content=\"D\u00e9corations d\u2019\u00e9v\u00e9nements - Biosph\u00e8re85\" \/>\n<meta property=\"og:description\" content=\"Am\u00e9nagements de stands Am\u00e9nagements de restaurants ou boutiques Am\u00e9nagements de coins photos pour mariage D\u00e9corations de vitrines\" \/>\n<meta property=\"og:url\" content=\"https:\/\/biosphere85.com\/index.php\/amenagements-devenements\/\" \/>\n<meta property=\"og:site_name\" content=\"Biosph\u00e8re85\" \/>\n<meta property=\"article:publisher\" content=\"https:\/\/www.facebook.com\/groups\/1144127662348049\/\" \/>\n<meta property=\"article:modified_time\" content=\"2023-02-17T15:26:56+00:00\" \/>\n<meta property=\"og:image\" content=\"http:\/\/biosphere85.com\/wp-content\/uploads\/2020\/06\/deco-stand5-1024x768.jpg\" \/>\n<meta name=\"twitter:card\" content=\"summary_large_image\" \/>\n<script type=\"application\/ld+json\" class=\"yoast-schema-graph\">{\"@context\":\"https:\/\/schema.org\",\"@graph\":[{\"@type\":\"WebPage\",\"@id\":\"https:\/\/biosphere85.com\/index.php\/amenagements-devenements\/\",\"url\":\"https:\/\/biosphere85.com\/index.php\/amenagements-devenements\/\",\"name\":\"D\u00e9corations d\u2019\u00e9v\u00e9nements - Biosph\u00e8re85\",\"isPartOf\":{\"@id\":\"https:\/\/biosphere85.com\/#website\"},\"primaryImageOfPage\":{\"@id\":\"https:\/\/biosphere85.com\/index.php\/amenagements-devenements\/#primaryimage\"},\"image\":{\"@id\":\"https:\/\/biosphere85.com\/index.php\/amenagements-devenements\/#primaryimage\"},\"thumbnailUrl\":\"http:\/\/biosphere85.com\/wp-content\/uploads\/2020\/06\/deco-stand5-1024x768.jpg\",\"datePublished\":\"2020-08-30T18:46:35+00:00\",\"dateModified\":\"2023-02-17T15:26:56+00:00\",\"breadcrumb\":{\"@id\":\"https:\/\/biosphere85.com\/index.php\/amenagements-devenements\/#breadcrumb\"},\"inLanguage\":\"fr-FR\",\"potentialAction\":[{\"@type\":\"ReadAction\",\"target\":[\"https:\/\/biosphere85.com\/index.php\/amenagements-devenements\/\"]}]},{\"@type\":\"ImageObject\",\"inLanguage\":\"fr-FR\",\"@id\":\"https:\/\/biosphere85.com\/index.php\/amenagements-devenements\/#primaryimage\",\"url\":\"https:\/\/biosphere85.com\/wp-content\/uploads\/2020\/06\/deco-stand5.jpg\",\"contentUrl\":\"https:\/\/biosphere85.com\/wp-content\/uploads\/2020\/06\/deco-stand5.jpg\",\"width\":2048,\"height\":1536,\"caption\":\"stand \\\" asiatique zen\\\"\"},{\"@type\":\"BreadcrumbList\",\"@id\":\"https:\/\/biosphere85.com\/index.php\/amenagements-devenements\/#breadcrumb\",\"itemListElement\":[{\"@type\":\"ListItem\",\"position\":1,\"name\":\"Accueil\",\"item\":\"https:\/\/biosphere85.com\/\"},{\"@type\":\"ListItem\",\"position\":2,\"name\":\"D\u00e9corations d\u2019\u00e9v\u00e9nements\"}]},{\"@type\":\"WebSite\",\"@id\":\"https:\/\/biosphere85.com\/#website\",\"url\":\"https:\/\/biosphere85.com\/\",\"name\":\"Biosph\u00e8re85\",\"description\":\"Votre Paysagiste de Vend\u00e9e\",\"potentialAction\":[{\"@type\":\"SearchAction\",\"target\":{\"@type\":\"EntryPoint\",\"urlTemplate\":\"https:\/\/biosphere85.com\/?s={search_term_string}\"},\"query-input\":{\"@type\":\"PropertyValueSpecification\",\"valueRequired\":true,\"valueName\":\"search_term_string\"}}],\"inLanguage\":\"fr-FR\"}]}<\/script>\n<!-- \/ Yoast SEO plugin. -->","yoast_head_json":{"title":"D\u00e9corations d\u2019\u00e9v\u00e9nements - Biosph\u00e8re85","robots":{"index":"index","follow":"follow","max-snippet":"max-snippet:-1","max-image-preview":"max-image-preview:large","max-video-preview":"max-video-preview:-1"},"canonical":"https:\/\/biosphere85.com\/index.php\/amenagements-devenements\/","og_locale":"fr_FR","og_type":"article","og_title":"D\u00e9corations d\u2019\u00e9v\u00e9nements - Biosph\u00e8re85","og_description":"Am\u00e9nagements de stands Am\u00e9nagements de restaurants ou boutiques Am\u00e9nagements de coins photos pour mariage D\u00e9corations de vitrines","og_url":"https:\/\/biosphere85.com\/index.php\/amenagements-devenements\/","og_site_name":"Biosph\u00e8re85","article_publisher":"https:\/\/www.facebook.com\/groups\/1144127662348049\/","article_modified_time":"2023-02-17T15:26:56+00:00","og_image":[{"url":"http:\/\/biosphere85.com\/wp-content\/uploads\/2020\/06\/deco-stand5-1024x768.jpg"}],"twitter_card":"summary_large_image","schema":{"@context":"https:\/\/schema.org","@graph":[{"@type":"WebPage","@id":"https:\/\/biosphere85.com\/index.php\/amenagements-devenements\/","url":"https:\/\/biosphere85.com\/index.php\/amenagements-devenements\/","name":"D\u00e9corations d\u2019\u00e9v\u00e9nements - Biosph\u00e8re85","isPartOf":{"@id":"https:\/\/biosphere85.com\/#website"},"primaryImageOfPage":{"@id":"https:\/\/biosphere85.com\/index.php\/amenagements-devenements\/#primaryimage"},"image":{"@id":"https:\/\/biosphere85.com\/index.php\/amenagements-devenements\/#primaryimage"},"thumbnailUrl":"http:\/\/biosphere85.com\/wp-content\/uploads\/2020\/06\/deco-stand5-1024x768.jpg","datePublished":"2020-08-30T18:46:35+00:00","dateModified":"2023-02-17T15:26:56+00:00","breadcrumb":{"@id":"https:\/\/biosphere85.com\/index.php\/amenagements-devenements\/#breadcrumb"},"inLanguage":"fr-FR","potentialAction":[{"@type":"ReadAction","target":["https:\/\/biosphere85.com\/index.php\/amenagements-devenements\/"]}]},{"@type":"ImageObject","inLanguage":"fr-FR","@id":"https:\/\/biosphere85.com\/index.php\/amenagements-devenements\/#primaryimage","url":"https:\/\/biosphere85.com\/wp-content\/uploads\/2020\/06\/deco-stand5.jpg","contentUrl":"https:\/\/biosphere85.com\/wp-content\/uploads\/2020\/06\/deco-stand5.jpg","width":2048,"height":1536,"caption":"stand \" asiatique zen\""},{"@type":"BreadcrumbList","@id":"https:\/\/biosphere85.com\/index.php\/amenagements-devenements\/#breadcrumb","itemListElement":[{"@type":"ListItem","position":1,"name":"Accueil","item":"https:\/\/biosphere85.com\/"},{"@type":"ListItem","position":2,"name":"D\u00e9corations d\u2019\u00e9v\u00e9nements"}]},{"@type":"WebSite","@id":"https:\/\/biosphere85.com\/#website","url":"https:\/\/biosphere85.com\/","name":"Biosph\u00e8re85","description":"Votre Paysagiste de Vend\u00e9e","potentialAction":[{"@type":"SearchAction","target":{"@type":"EntryPoint","urlTemplate":"https:\/\/biosphere85.com\/?s={search_term_string}"},"query-input":{"@type":"PropertyValueSpecification","valueRequired":true,"valueName":"search_term_string"}}],"inLanguage":"fr-FR"}]}},"jetpack_sharing_enabled":true,"_links":{"self":[{"href":"https:\/\/biosphere85.com\/index.php\/wp-json\/wp\/v2\/pages\/315"}],"collection":[{"href":"https:\/\/biosphere85.com\/index.php\/wp-json\/wp\/v2\/pages"}],"about":[{"href":"https:\/\/biosphere85.com\/index.php\/wp-json\/wp\/v2\/types\/page"}],"author":[{"embeddable":true,"href":"https:\/\/biosphere85.com\/index.php\/wp-json\/wp\/v2\/users\/1"}],"replies":[{"embeddable":true,"href":"https:\/\/biosphere85.com\/index.php\/wp-json\/wp\/v2\/comments?post=315"}],"version-history":[{"count":18,"href":"https:\/\/biosphere85.com\/index.php\/wp-json\/wp\/v2\/pages\/315\/revisions"}],"predecessor-version":[{"id":921,"href":"https:\/\/biosphere85.com\/index.php\/wp-json\/wp\/v2\/pages\/315\/revisions\/921"}],"wp:attachment":[{"href":"https:\/\/biosphere85.com\/index.php\/wp-json\/wp\/v2\/media?parent=315"}],"curies":[{"name":"wp","href":"https:\/\/api.w.org\/{rel}","templated":true}]}}