{"id":60,"date":"2020-03-08T13:44:04","date_gmt":"2020-03-08T12:44:04","guid":{"rendered":"http:\/\/biosphere85.com\/?page_id=60"},"modified":"2020-08-30T14:43:07","modified_gmt":"2020-08-30T12:43:07","slug":"amenagements","status":"publish","type":"page","link":"https:\/\/biosphere85.com\/index.php\/amenagements\/","title":{"rendered":"Cr\u00e9ations et Am\u00e9nagements"},"content":{"rendered":"\n<h2 class=\"wp-block-heading\"><\/h2>\n\n\n\n<figure class=\"wp-block-gallery columns-3 is-cropped wp-block-gallery-1 is-layout-flex wp-block-gallery-is-layout-flex\"><ul class=\"blocks-gallery-grid\"><li class=\"blocks-gallery-item\"><figure><img loading=\"lazy\" decoding=\"async\" width=\"599\" height=\"960\" src=\"http:\/\/biosphere85.com\/wp-content\/uploads\/2020\/06\/creation-rsy1.jpg\" alt=\"\" data-id=\"130\" data-full-url=\"http:\/\/biosphere85.com\/wp-content\/uploads\/2020\/06\/creation-rsy1.jpg\" data-link=\"http:\/\/biosphere85.com\/creation-rsy1\/\" class=\"wp-image-130\" srcset=\"https:\/\/biosphere85.com\/wp-content\/uploads\/2020\/06\/creation-rsy1.jpg 599w, https:\/\/biosphere85.com\/wp-content\/uploads\/2020\/06\/creation-rsy1-187x300.jpg 187w, https:\/\/biosphere85.com\/wp-content\/uploads\/2020\/06\/creation-rsy1-500x801.jpg 500w\" sizes=\"(max-width: 599px) 100vw, 599px\" \/><figcaption class=\"blocks-gallery-item__caption\">Cr\u00e9ation de massifs \u00ab\u00a0naturels\u00a0\u00bb<\/figcaption><\/figure><\/li><li class=\"blocks-gallery-item\"><figure><img loading=\"lazy\" decoding=\"async\" width=\"720\" height=\"960\" src=\"http:\/\/biosphere85.com\/wp-content\/uploads\/2020\/08\/gazon-synthetique-angles.jpg\" alt=\"\" data-id=\"299\" data-full-url=\"http:\/\/biosphere85.com\/wp-content\/uploads\/2020\/08\/gazon-synthetique-angles.jpg\" data-link=\"http:\/\/biosphere85.com\/index.php\/amenagements\/gazon-synthetique-angles\/\" class=\"wp-image-299\" srcset=\"https:\/\/biosphere85.com\/wp-content\/uploads\/2020\/08\/gazon-synthetique-angles.jpg 720w, https:\/\/biosphere85.com\/wp-content\/uploads\/2020\/08\/gazon-synthetique-angles-225x300.jpg 225w, https:\/\/biosphere85.com\/wp-content\/uploads\/2020\/08\/gazon-synthetique-angles-500x667.jpg 500w\" sizes=\"(max-width: 720px) 100vw, 720px\" \/><figcaption class=\"blocks-gallery-item__caption\">Pose de gazon synth\u00e9tique<\/figcaption><\/figure><\/li><li class=\"blocks-gallery-item\"><figure><img loading=\"lazy\" decoding=\"async\" width=\"1024\" height=\"455\" src=\"http:\/\/biosphere85.com\/wp-content\/uploads\/2020\/08\/maconnerie1-1024x455.jpg\" alt=\"\" data-id=\"230\" data-full-url=\"http:\/\/biosphere85.com\/wp-content\/uploads\/2020\/08\/maconnerie1.jpg\" data-link=\"http:\/\/biosphere85.com\/index.php\/portfolio\/tres-jolie-terrasse-yonnaise\/maconnerie1-2\/\" class=\"wp-image-230\" srcset=\"https:\/\/biosphere85.com\/wp-content\/uploads\/2020\/08\/maconnerie1-1024x455.jpg 1024w, https:\/\/biosphere85.com\/wp-content\/uploads\/2020\/08\/maconnerie1-300x133.jpg 300w, https:\/\/biosphere85.com\/wp-content\/uploads\/2020\/08\/maconnerie1-768x342.jpg 768w, https:\/\/biosphere85.com\/wp-content\/uploads\/2020\/08\/maconnerie1-940x418.jpg 940w, https:\/\/biosphere85.com\/wp-content\/uploads\/2020\/08\/maconnerie1-500x222.jpg 500w, https:\/\/biosphere85.com\/wp-content\/uploads\/2020\/08\/maconnerie1.jpg 1439w\" sizes=\"(max-width: 1024px) 100vw, 1024px\" \/><figcaption class=\"blocks-gallery-item__caption\">Ma\u00e7onnerie paysag\u00e8re<\/figcaption><\/figure><\/li><li class=\"blocks-gallery-item\"><figure><img loading=\"lazy\" decoding=\"async\" width=\"960\" height=\"720\" src=\"http:\/\/biosphere85.com\/wp-content\/uploads\/2020\/08\/entretien5.jpg\" alt=\"\" data-id=\"279\" data-full-url=\"http:\/\/biosphere85.com\/wp-content\/uploads\/2020\/08\/entretien5.jpg\" data-link=\"http:\/\/biosphere85.com\/index.php\/entretiens\/entretien5\/\" class=\"wp-image-279\" srcset=\"https:\/\/biosphere85.com\/wp-content\/uploads\/2020\/08\/entretien5.jpg 960w, https:\/\/biosphere85.com\/wp-content\/uploads\/2020\/08\/entretien5-300x225.jpg 300w, https:\/\/biosphere85.com\/wp-content\/uploads\/2020\/08\/entretien5-768x576.jpg 768w, https:\/\/biosphere85.com\/wp-content\/uploads\/2020\/08\/entretien5-940x705.jpg 940w, https:\/\/biosphere85.com\/wp-content\/uploads\/2020\/08\/entretien5-500x375.jpg 500w\" sizes=\"(max-width: 960px) 100vw, 960px\" \/><figcaption class=\"blocks-gallery-item__caption\">Cr\u00e9ation de gazon<\/figcaption><\/figure><\/li><li class=\"blocks-gallery-item\"><figure><img loading=\"lazy\" decoding=\"async\" width=\"720\" height=\"960\" src=\"http:\/\/biosphere85.com\/wp-content\/uploads\/2020\/08\/massif-angles.jpg\" alt=\"\" data-id=\"300\" data-full-url=\"http:\/\/biosphere85.com\/wp-content\/uploads\/2020\/08\/massif-angles.jpg\" data-link=\"http:\/\/biosphere85.com\/index.php\/amenagements\/massif-angles\/\" class=\"wp-image-300\" srcset=\"https:\/\/biosphere85.com\/wp-content\/uploads\/2020\/08\/massif-angles.jpg 720w, https:\/\/biosphere85.com\/wp-content\/uploads\/2020\/08\/massif-angles-225x300.jpg 225w, https:\/\/biosphere85.com\/wp-content\/uploads\/2020\/08\/massif-angles-500x667.jpg 500w\" sizes=\"(max-width: 720px) 100vw, 720px\" \/><figcaption class=\"blocks-gallery-item__caption\">Cr\u00e9ation de massifs min\u00e9raux<\/figcaption><\/figure><\/li><\/ul><\/figure>\n","protected":false},"excerpt":{"rendered":"","protected":false},"author":1,"featured_media":0,"parent":0,"menu_order":0,"comment_status":"closed","ping_status":"closed","template":"","meta":{"footnotes":""},"class_list":["post-60","page","type-page","status-publish","hentry"],"yoast_head":"<!-- This site is optimized with the Yoast SEO plugin v23.4 - https:\/\/yoast.com\/wordpress\/plugins\/seo\/ -->\n<title>Cr\u00e9ations et Am\u00e9nagements - Biosph\u00e8re85<\/title>\n<meta name=\"robots\" content=\"index, follow, max-snippet:-1, max-image-preview:large, max-video-preview:-1\" \/>\n<link rel=\"canonical\" href=\"https:\/\/biosphere85.com\/index.php\/amenagements\/\" \/>\n<meta property=\"og:locale\" content=\"fr_FR\" \/>\n<meta property=\"og:type\" content=\"article\" \/>\n<meta property=\"og:title\" content=\"Cr\u00e9ations et Am\u00e9nagements - Biosph\u00e8re85\" \/>\n<meta property=\"og:url\" content=\"https:\/\/biosphere85.com\/index.php\/amenagements\/\" \/>\n<meta property=\"og:site_name\" content=\"Biosph\u00e8re85\" \/>\n<meta property=\"article:publisher\" content=\"https:\/\/www.facebook.com\/groups\/1144127662348049\/\" \/>\n<meta property=\"article:modified_time\" content=\"2020-08-30T12:43:07+00:00\" \/>\n<meta property=\"og:image\" content=\"http:\/\/biosphere85.com\/wp-content\/uploads\/2020\/06\/creation-rsy1.jpg\" \/>\n<meta name=\"twitter:card\" content=\"summary_large_image\" \/>\n<script type=\"application\/ld+json\" class=\"yoast-schema-graph\">{\"@context\":\"https:\/\/schema.org\",\"@graph\":[{\"@type\":\"WebPage\",\"@id\":\"https:\/\/biosphere85.com\/index.php\/amenagements\/\",\"url\":\"https:\/\/biosphere85.com\/index.php\/amenagements\/\",\"name\":\"Cr\u00e9ations et Am\u00e9nagements - Biosph\u00e8re85\",\"isPartOf\":{\"@id\":\"https:\/\/biosphere85.com\/#website\"},\"primaryImageOfPage\":{\"@id\":\"https:\/\/biosphere85.com\/index.php\/amenagements\/#primaryimage\"},\"image\":{\"@id\":\"https:\/\/biosphere85.com\/index.php\/amenagements\/#primaryimage\"},\"thumbnailUrl\":\"http:\/\/biosphere85.com\/wp-content\/uploads\/2020\/06\/creation-rsy1.jpg\",\"datePublished\":\"2020-03-08T12:44:04+00:00\",\"dateModified\":\"2020-08-30T12:43:07+00:00\",\"breadcrumb\":{\"@id\":\"https:\/\/biosphere85.com\/index.php\/amenagements\/#breadcrumb\"},\"inLanguage\":\"fr-FR\",\"potentialAction\":[{\"@type\":\"ReadAction\",\"target\":[\"https:\/\/biosphere85.com\/index.php\/amenagements\/\"]}]},{\"@type\":\"ImageObject\",\"inLanguage\":\"fr-FR\",\"@id\":\"https:\/\/biosphere85.com\/index.php\/amenagements\/#primaryimage\",\"url\":\"http:\/\/biosphere85.com\/wp-content\/uploads\/2020\/06\/creation-rsy1.jpg\",\"contentUrl\":\"http:\/\/biosphere85.com\/wp-content\/uploads\/2020\/06\/creation-rsy1.jpg\"},{\"@type\":\"BreadcrumbList\",\"@id\":\"https:\/\/biosphere85.com\/index.php\/amenagements\/#breadcrumb\",\"itemListElement\":[{\"@type\":\"ListItem\",\"position\":1,\"name\":\"Accueil\",\"item\":\"https:\/\/biosphere85.com\/\"},{\"@type\":\"ListItem\",\"position\":2,\"name\":\"Cr\u00e9ations et Am\u00e9nagements\"}]},{\"@type\":\"WebSite\",\"@id\":\"https:\/\/biosphere85.com\/#website\",\"url\":\"https:\/\/biosphere85.com\/\",\"name\":\"Biosph\u00e8re85\",\"description\":\"Votre Paysagiste de Vend\u00e9e\",\"potentialAction\":[{\"@type\":\"SearchAction\",\"target\":{\"@type\":\"EntryPoint\",\"urlTemplate\":\"https:\/\/biosphere85.com\/?s={search_term_string}\"},\"query-input\":{\"@type\":\"PropertyValueSpecification\",\"valueRequired\":true,\"valueName\":\"search_term_string\"}}],\"inLanguage\":\"fr-FR\"}]}<\/script>\n<!-- \/ Yoast SEO plugin. -->","yoast_head_json":{"title":"Cr\u00e9ations et Am\u00e9nagements - Biosph\u00e8re85","robots":{"index":"index","follow":"follow","max-snippet":"max-snippet:-1","max-image-preview":"max-image-preview:large","max-video-preview":"max-video-preview:-1"},"canonical":"https:\/\/biosphere85.com\/index.php\/amenagements\/","og_locale":"fr_FR","og_type":"article","og_title":"Cr\u00e9ations et Am\u00e9nagements - Biosph\u00e8re85","og_url":"https:\/\/biosphere85.com\/index.php\/amenagements\/","og_site_name":"Biosph\u00e8re85","article_publisher":"https:\/\/www.facebook.com\/groups\/1144127662348049\/","article_modified_time":"2020-08-30T12:43:07+00:00","og_image":[{"url":"http:\/\/biosphere85.com\/wp-content\/uploads\/2020\/06\/creation-rsy1.jpg"}],"twitter_card":"summary_large_image","schema":{"@context":"https:\/\/schema.org","@graph":[{"@type":"WebPage","@id":"https:\/\/biosphere85.com\/index.php\/amenagements\/","url":"https:\/\/biosphere85.com\/index.php\/amenagements\/","name":"Cr\u00e9ations et Am\u00e9nagements - Biosph\u00e8re85","isPartOf":{"@id":"https:\/\/biosphere85.com\/#website"},"primaryImageOfPage":{"@id":"https:\/\/biosphere85.com\/index.php\/amenagements\/#primaryimage"},"image":{"@id":"https:\/\/biosphere85.com\/index.php\/amenagements\/#primaryimage"},"thumbnailUrl":"http:\/\/biosphere85.com\/wp-content\/uploads\/2020\/06\/creation-rsy1.jpg","datePublished":"2020-03-08T12:44:04+00:00","dateModified":"2020-08-30T12:43:07+00:00","breadcrumb":{"@id":"https:\/\/biosphere85.com\/index.php\/amenagements\/#breadcrumb"},"inLanguage":"fr-FR","potentialAction":[{"@type":"ReadAction","target":["https:\/\/biosphere85.com\/index.php\/amenagements\/"]}]},{"@type":"ImageObject","inLanguage":"fr-FR","@id":"https:\/\/biosphere85.com\/index.php\/amenagements\/#primaryimage","url":"http:\/\/biosphere85.com\/wp-content\/uploads\/2020\/06\/creation-rsy1.jpg","contentUrl":"http:\/\/biosphere85.com\/wp-content\/uploads\/2020\/06\/creation-rsy1.jpg"},{"@type":"BreadcrumbList","@id":"https:\/\/biosphere85.com\/index.php\/amenagements\/#breadcrumb","itemListElement":[{"@type":"ListItem","position":1,"name":"Accueil","item":"https:\/\/biosphere85.com\/"},{"@type":"ListItem","position":2,"name":"Cr\u00e9ations et Am\u00e9nagements"}]},{"@type":"WebSite","@id":"https:\/\/biosphere85.com\/#website","url":"https:\/\/biosphere85.com\/","name":"Biosph\u00e8re85","description":"Votre Paysagiste de Vend\u00e9e","potentialAction":[{"@type":"SearchAction","target":{"@type":"EntryPoint","urlTemplate":"https:\/\/biosphere85.com\/?s={search_term_string}"},"query-input":{"@type":"PropertyValueSpecification","valueRequired":true,"valueName":"search_term_string"}}],"inLanguage":"fr-FR"}]}},"jetpack_sharing_enabled":true,"_links":{"self":[{"href":"https:\/\/biosphere85.com\/index.php\/wp-json\/wp\/v2\/pages\/60"}],"collection":[{"href":"https:\/\/biosphere85.com\/index.php\/wp-json\/wp\/v2\/pages"}],"about":[{"href":"https:\/\/biosphere85.com\/index.php\/wp-json\/wp\/v2\/types\/page"}],"author":[{"embeddable":true,"href":"https:\/\/biosphere85.com\/index.php\/wp-json\/wp\/v2\/users\/1"}],"replies":[{"embeddable":true,"href":"https:\/\/biosphere85.com\/index.php\/wp-json\/wp\/v2\/comments?post=60"}],"version-history":[{"count":7,"href":"https:\/\/biosphere85.com\/index.php\/wp-json\/wp\/v2\/pages\/60\/revisions"}],"predecessor-version":[{"id":302,"href":"https:\/\/biosphere85.com\/index.php\/wp-json\/wp\/v2\/pages\/60\/revisions\/302"}],"wp:attachment":[{"href":"https:\/\/biosphere85.com\/index.php\/wp-json\/wp\/v2\/media?parent=60"}],"curies":[{"name":"wp","href":"https:\/\/api.w.org\/{rel}","templated":true}]}}